{"id":363,"date":"2013-08-13T12:52:37","date_gmt":"2013-08-13T12:52:37","guid":{"rendered":"http:\/\/monaschnegg.at\/wordpress\/?page_id=363"},"modified":"2024-12-05T21:10:33","modified_gmt":"2024-12-05T21:10:33","slug":"zur-person","status":"publish","type":"page","link":"https:\/\/monaschnegg.at\/wordpress\/zur-person\/","title":{"rendered":"Zur Person"},"content":{"rendered":"<p style=\"text-align: left;\"><em><a href=\"https:\/\/monaschnegg.at\/wordpress\/wp-content\/uploads\/2018\/03\/Mona-Schnegg-Shihab.jpg\"><img loading=\"lazy\" decoding=\"async\" class=\" wp-image-479 alignnone\" src=\"https:\/\/monaschnegg.at\/wordpress\/wp-content\/uploads\/2018\/03\/Mona-Schnegg-Shihab.jpg\" alt=\"\" width=\"239\" height=\"357\" srcset=\"https:\/\/monaschnegg.at\/wordpress\/wp-content\/uploads\/2018\/03\/Mona-Schnegg-Shihab.jpg 372w, https:\/\/monaschnegg.at\/wordpress\/wp-content\/uploads\/2018\/03\/Mona-Schnegg-Shihab-200x300.jpg 200w\" sizes=\"auto, (max-width: 239px) 100vw, 239px\" \/><\/a><\/em><\/p>\n<p style=\"text-align: left;\"><em>Mag.\u1d43 Mona Schnegg, MSc<\/em><br \/>\n<i> Klinische und<\/i> <i>Gesundheitspsychologin,<\/i><br \/>\n<i> Psychotherapeutin<\/i><br \/>\n<em> (Integrative Gestalttherapie)<\/em><\/p>\n<p><strong>AUSBILDUNGEN<\/strong><\/p>\n<ul>\n<li>Seit 03.12.2024 eingetragene Psychotherapeutin f\u00fcr Integrative Gestalttherapie<\/li>\n<li>2012 &#8211; 2024 berufsbegleitendes Studium: Integrative Gestalttherapie (Donau-Universit\u00e4t Krems, \u00d6AGG \u00d6sterreichischer Arbeitskreis f\u00fcr Gruppentherapie und Gruppendynamik); dabei seit 2015 als Psychotherapeutin in Ausbildung unter Supervision zum selbst\u00e4ndigen Arbeiten bef\u00e4higt<\/li>\n<li>Seit 2011 Klinische und Gesundheitspsychologin (B\u00d6P \u2013 Berufsverband \u00d6sterreichischer Psychologinnen und Psychologen)<\/li>\n<li>Seit 2008 Psychologin<\/li>\n<\/ul>\n<p>Mitglied des B\u00d6P, \u00d6AGG<\/p>\n<p><strong>BERUFSERFAHRUNG<\/strong><\/p>\n<p><strong>Mehrj\u00e4hrige Berufserfahrung \u2026<\/strong><\/p>\n<ul>\n<li>in der Arbeit mit Kindern, Jugendlichen und Erwachsenen sowie in der Arbeit mit Familien<\/li>\n<li>in der Begleitung unter anderem bei psychischen Erkrankungen, K\u00f6rper- und Mehrfachbeeintr\u00e4chtigungen<\/li>\n<li>mit Beratung, Diagnostik, dem Einsatz therapeutischer Interventionen, der Erhaltung von Gesundheit und der F\u00f6rderung von Gesundheitsprojekten<\/li>\n<li>im sozialpsychiatrischen extramuralen Bereich<\/li>\n<li>im Sozialbereich<\/li>\n<li>im ambulanten und teilstation\u00e4ren Bereich<\/li>\n<li>als Angestellte, wie auch als Selbst\u00e4ndige<\/li>\n<\/ul>\n<p>&nbsp;<\/p>\n<p>&nbsp;<\/p>\n","protected":false},"excerpt":{"rendered":"<p>Mag.\u1d43 Mona Schnegg, MSc Klinische und Gesundheitspsychologin, Psychotherapeutin (Integrative Gestalttherapie) AUSBILDUNGEN Seit 03.12.2024 eingetragene Psychotherapeutin f\u00fcr Integrative Gestalttherapie 2012 &#8211; 2024 berufsbegleitendes Studium: Integrative Gestalttherapie (Donau-Universit\u00e4t Krems, \u00d6AGG \u00d6sterreichischer Arbeitskreis f\u00fcr Gruppentherapie und Gruppendynamik); dabei seit 2015 als Psychotherapeutin in Ausbildung unter Supervision zum selbst\u00e4ndigen Arbeiten bef\u00e4higt Seit 2011 Klinische und Gesundheitspsychologin (B\u00d6P \u2013 Berufsverband &hellip; <a href=\"https:\/\/monaschnegg.at\/wordpress\/zur-person\/\" class=\"more-link\"><span class=\"screen-reader-text\">Zur Person<\/span> weiterlesen<\/a><\/p>\n","protected":false},"author":1,"featured_media":0,"parent":0,"menu_order":4,"comment_status":"closed","ping_status":"closed","template":"","meta":{"footnotes":""},"class_list":["post-363","page","type-page","status-publish","hentry"],"_links":{"self":[{"href":"https:\/\/monaschnegg.at\/wordpress\/wp-json\/wp\/v2\/pages\/363","targetHints":{"allow":["GET"]}}],"collection":[{"href":"https:\/\/monaschnegg.at\/wordpress\/wp-json\/wp\/v2\/pages"}],"about":[{"href":"https:\/\/monaschnegg.at\/wordpress\/wp-json\/wp\/v2\/types\/page"}],"author":[{"embeddable":true,"href":"https:\/\/monaschnegg.at\/wordpress\/wp-json\/wp\/v2\/users\/1"}],"replies":[{"embeddable":true,"href":"https:\/\/monaschnegg.at\/wordpress\/wp-json\/wp\/v2\/comments?post=363"}],"version-history":[{"count":44,"href":"https:\/\/monaschnegg.at\/wordpress\/wp-json\/wp\/v2\/pages\/363\/revisions"}],"predecessor-version":[{"id":829,"href":"https:\/\/monaschnegg.at\/wordpress\/wp-json\/wp\/v2\/pages\/363\/revisions\/829"}],"wp:attachment":[{"href":"https:\/\/monaschnegg.at\/wordpress\/wp-json\/wp\/v2\/media?parent=363"}],"curies":[{"name":"wp","href":"https:\/\/api.w.org\/{rel}","templated":true}]}}