{"id":360,"date":"2013-08-13T12:51:50","date_gmt":"2013-08-13T12:51:50","guid":{"rendered":"http:\/\/monaschnegg.at\/wordpress\/?page_id=360"},"modified":"2024-12-04T14:21:57","modified_gmt":"2024-12-04T14:21:57","slug":"klinische-psychologie-und-gesundheitspsychologie","status":"publish","type":"page","link":"https:\/\/monaschnegg.at\/wordpress\/klinische-psychologie-und-gesundheitspsychologie\/","title":{"rendered":"Meine Arbeitsweise"},"content":{"rendered":"<p><strong>Warum Integrative Gestalttherapie?<\/strong><\/p>\n<p>Die Integrative Gestalttherapie verbindet verschiedenste therapeutische Mittel, wodurch sie besonders universell auf die Bed\u00fcrfnisse der einzelnen Person angepasst werden kann. Beispiele sind: Gespr\u00e4ch, Bewegung, Entspannung, Spielen, Malen, Arbeiten mit Ton, etc.<\/p>\n<p>Sie sieht den Menschen als ganzheitliches Wesen im Kontext seiner Lebensbedingungen.<\/p>\n<p>Die Zusammenarbeit zwischen Klient und Therapeut soll m\u00f6glichst dialogisch auf Augenh\u00f6he stattfinden.<\/p>\n<p>Ziel der Therapie ist es, St\u00f6rungen und Krankheiten zu bew\u00e4ltigen, zu reifen und sich pers\u00f6nlich zu entfalten.<\/p>\n<p>Dar\u00fcber hinaus will diese Therapierichtung Menschen zu einer m\u00f6glichst selbst\u00e4ndigen Lebensweise ermutigen.<\/p>\n<p><a href=\"https:\/\/monaschnegg.at\/wordpress\/wp-content\/uploads\/2018\/03\/hp1.jpg\"><img loading=\"lazy\" decoding=\"async\" class=\"alignnone size-full wp-image-610\" src=\"https:\/\/monaschnegg.at\/wordpress\/wp-content\/uploads\/2018\/03\/hp1.jpg\" alt=\"\" width=\"2560\" height=\"1416\" srcset=\"https:\/\/monaschnegg.at\/wordpress\/wp-content\/uploads\/2018\/03\/hp1.jpg 2560w, https:\/\/monaschnegg.at\/wordpress\/wp-content\/uploads\/2018\/03\/hp1-300x166.jpg 300w, https:\/\/monaschnegg.at\/wordpress\/wp-content\/uploads\/2018\/03\/hp1-768x425.jpg 768w, https:\/\/monaschnegg.at\/wordpress\/wp-content\/uploads\/2018\/03\/hp1-1024x566.jpg 1024w, https:\/\/monaschnegg.at\/wordpress\/wp-content\/uploads\/2018\/03\/hp1-500x277.jpg 500w\" sizes=\"auto, (max-width: 2560px) 100vw, 2560px\" \/><\/a><\/p>\n<p>Die Gestalttherapie ist eine von mehreren in \u00d6sterreich anerkannten Psychotherapierichtungen.<br \/>\nSie wurde von Fritz und Laura Perls, Paul Goodman und anderen Mitte des letzten Jahrhunderts begr\u00fcndet und stetig weiterentwickelt.<br \/>\nIhre Wurzeln liegen unter anderem in Psychoanalyse, Gestaltpsychologie, Existenzialismus, Ph\u00e4nomenologie, Hermeneutik und Zen-Buddhismus.<\/p>\n<p>&nbsp;<\/p>\n","protected":false},"excerpt":{"rendered":"<p>Warum Integrative Gestalttherapie? Die Integrative Gestalttherapie verbindet verschiedenste therapeutische Mittel, wodurch sie besonders universell auf die Bed\u00fcrfnisse der einzelnen Person angepasst werden kann. Beispiele sind: Gespr\u00e4ch, Bewegung, Entspannung, Spielen, Malen, Arbeiten mit Ton, etc. Sie sieht den Menschen als ganzheitliches Wesen im Kontext seiner Lebensbedingungen. Die Zusammenarbeit zwischen Klient und Therapeut soll m\u00f6glichst dialogisch auf &hellip; <a href=\"https:\/\/monaschnegg.at\/wordpress\/klinische-psychologie-und-gesundheitspsychologie\/\" class=\"more-link\"><span class=\"screen-reader-text\">Meine Arbeitsweise<\/span> weiterlesen<\/a><\/p>\n","protected":false},"author":1,"featured_media":0,"parent":0,"menu_order":3,"comment_status":"closed","ping_status":"closed","template":"","meta":{"footnotes":""},"class_list":["post-360","page","type-page","status-publish","hentry"],"_links":{"self":[{"href":"https:\/\/monaschnegg.at\/wordpress\/wp-json\/wp\/v2\/pages\/360","targetHints":{"allow":["GET"]}}],"collection":[{"href":"https:\/\/monaschnegg.at\/wordpress\/wp-json\/wp\/v2\/pages"}],"about":[{"href":"https:\/\/monaschnegg.at\/wordpress\/wp-json\/wp\/v2\/types\/page"}],"author":[{"embeddable":true,"href":"https:\/\/monaschnegg.at\/wordpress\/wp-json\/wp\/v2\/users\/1"}],"replies":[{"embeddable":true,"href":"https:\/\/monaschnegg.at\/wordpress\/wp-json\/wp\/v2\/comments?post=360"}],"version-history":[{"count":26,"href":"https:\/\/monaschnegg.at\/wordpress\/wp-json\/wp\/v2\/pages\/360\/revisions"}],"predecessor-version":[{"id":817,"href":"https:\/\/monaschnegg.at\/wordpress\/wp-json\/wp\/v2\/pages\/360\/revisions\/817"}],"wp:attachment":[{"href":"https:\/\/monaschnegg.at\/wordpress\/wp-json\/wp\/v2\/media?parent=360"}],"curies":[{"name":"wp","href":"https:\/\/api.w.org\/{rel}","templated":true}]}}

<p><strong>Warum Integrative Gestalttherapie?</strong></p>
<p>Die Integrative Gestalttherapie verbindet verschiedenste therapeutische Mittel, wodurch sie besonders universell auf die Bedürfnisse der einzelnen Person angepasst werden kann. Beispiele sind: Gespräch, Bewegung, Entspannung, Spielen, Malen, Arbeiten mit Ton, etc.</p>
<p>Sie sieht den Menschen als ganzheitliches Wesen im Kontext seiner Lebensbedingungen.</p>
<p>Die Zusammenarbeit zwischen Klient und Therapeut soll möglichst dialogisch auf Augenhöhe stattfinden.</p>
<p>Ziel der Therapie ist es, Störungen und Krankheiten zu bewältigen, zu reifen und sich persönlich zu entfalten.</p>
<p>Darüber hinaus will diese Therapierichtung Menschen zu einer möglichst selbständigen Lebensweise ermutigen.</p>
<p><a href="https://monaschnegg.at/wordpress/wp-content/uploads/2018/03/hp1.jpg"><img loading="lazy" decoding="async" class="alignnone size-full wp-image-610" src="https://monaschnegg.at/wordpress/wp-content/uploads/2018/03/hp1.jpg" alt="" width="2560" height="1416" srcset="https://monaschnegg.at/wordpress/wp-content/uploads/2018/03/hp1.jpg 2560w, https://monaschnegg.at/wordpress/wp-content/uploads/2018/03/hp1-300x166.jpg 300w, https://monaschnegg.at/wordpress/wp-content/uploads/2018/03/hp1-768x425.jpg 768w, https://monaschnegg.at/wordpress/wp-content/uploads/2018/03/hp1-1024x566.jpg 1024w, https://monaschnegg.at/wordpress/wp-content/uploads/2018/03/hp1-500x277.jpg 500w" sizes="auto, (max-width: 2560px) 100vw, 2560px" /></a></p>
<p>Die Gestalttherapie ist eine von mehreren in Österreich anerkannten Psychotherapierichtungen.<br />
Sie wurde von Fritz und Laura Perls, Paul Goodman und anderen Mitte des letzten Jahrhunderts begründet und stetig weiterentwickelt.<br />
Ihre Wurzeln liegen unter anderem in Psychoanalyse, Gestaltpsychologie, Existenzialismus, Phänomenologie, Hermeneutik und Zen-Buddhismus.</p>
<p>&nbsp;</p>

<p>Warum Integrative Gestalttherapie? Die Integrative Gestalttherapie verbindet verschiedenste therapeutische Mittel, wodurch sie besonders universell auf die Bedürfnisse der einzelnen Person angepasst werden kann. Beispiele sind: Gespräch, Bewegung, Entspannung, Spielen, Malen, Arbeiten mit Ton, etc. Sie sieht den Menschen als ganzheitliches Wesen im Kontext seiner Lebensbedingungen. Die Zusammenarbeit zwischen Klient und Therapeut soll möglichst dialogisch auf &hellip; <a href="https://monaschnegg.at/wordpress/klinische-psychologie-und-gesundheitspsychologie/" class="more-link"><span class="screen-reader-text">Meine Arbeitsweise</span> weiterlesen</a></p>
