{"id":354,"date":"2013-08-13T12:49:32","date_gmt":"2013-08-13T12:49:32","guid":{"rendered":"http:\/\/monaschnegg.at\/wordpress\/?page_id=354"},"modified":"2024-12-06T10:48:38","modified_gmt":"2024-12-06T10:48:38","slug":"angebot","status":"publish","type":"page","link":"https:\/\/monaschnegg.at\/wordpress\/angebot\/","title":{"rendered":"Angebot"},"content":{"rendered":"<p>Diese Themen k\u00f6nnen unter anderem ein Grund f\u00fcr eine Kontaktaufnahme mit mir sein<\/p>\n<p><strong>M\u00f6glicherweise suchen Sie Hilfe bei \u2026<\/strong><\/p>\n<p>\u2026 Stress und \u00dcberforderung,<br \/>\n\u2026 Depression, depressiver Verstimmung,<br \/>\n\u2026 \u00dcberlastung, Burn-Out\/ Burnout-Vorbeugung,<br \/>\n\u2026 psychotischen St\u00f6rungen (z.B. Psychose),<br \/>\n\u2026 Essst\u00f6rungen,<br \/>\n\u2026 Pers\u00f6nlichkeitsst\u00f6rungen,<br \/>\n\u2026 Angstst\u00f6rungen,<br \/>\n\u2026 Trauma \/ Belastungsst\u00f6rungen,<br \/>\n\u2026 Pubert\u00e4tsthemen,<br \/>\n\u2026 St\u00f6rungen des Verhaltens und der Emotionen,<br \/>\n\u2026 Unsicherheiten, Selbstwertproblemen,<br \/>\n\u2026 Trauer, Sterben, Verlusterfahrungen,<br \/>\n\u2026 Frauenthemen,<br \/>\n\u2026 interkulturellen Themen,<br \/>\n\u2026 Selbsterfahrung, Fragen der Identit\u00e4t,<br \/>\n\u2026 Beziehung, Familie, Patchwork,<br \/>\n\u2026 Trennung, Scheidung<br \/>\n\u2026 Zwang<\/p>\n<p><strong>Angebotene Sitzungsformen:<\/strong><br \/>\nEinzeltherapie,<br \/>\nPaartherapie,<br \/>\nGruppentherapie<\/p>\n<p><strong>Meine Zielgruppe:<\/strong><br \/>\nKinder,<br \/>\nJugendliche,<br \/>\nJunge Erwachsene,<br \/>\nErwachsene,<br \/>\n\u00e4ltere Menschen<\/p>\n<p><strong>Unser Erstkontakt:<\/strong><br \/>\nIch bin telefonisch erreichbar unter der Nummer 0677 \u2013 62625839.<br \/>\nDes Weiteren kl\u00e4ren wir in einem Erstgespr\u00e4ch Ihr Anliegen und den Rahmen einer folgenden Zusammenarbeit.<\/p>\n<p><strong>Tarife:<\/strong><\/p>\n<p>Normaltarif: 85 \u20ac pro Einheit\/Person.<\/p>\n<p>Es besteht die M\u00f6glichkeit, einen Kostenzuschuss bei Ihrer Gesundheitskasse zu beantragen.<\/p>\n<p>In einem gewissen Kontingent biete ich einen Sozialtarif f\u00fcr Menschen mit geringem Einkommen.<\/p>\n<p><strong>ZUSATZANGEBOTE<\/strong><br \/>\nBeratung vor einvernehmlicher Scheidung gem\u00e4\u00df \u00a7 95 Abs. 1a Au\u00dfStrG<\/p>\n<p>&nbsp;<\/p>\n<p>&nbsp;<\/p>\n<p>&nbsp;<\/p>\n<p>&nbsp;<\/p>\n","protected":false},"excerpt":{"rendered":"<p>Diese Themen k\u00f6nnen unter anderem ein Grund f\u00fcr eine Kontaktaufnahme mit mir sein M\u00f6glicherweise suchen Sie Hilfe bei \u2026 \u2026 Stress und \u00dcberforderung, \u2026 Depression, depressiver Verstimmung, \u2026 \u00dcberlastung, Burn-Out\/ Burnout-Vorbeugung, \u2026 psychotischen St\u00f6rungen (z.B. Psychose), \u2026 Essst\u00f6rungen, \u2026 Pers\u00f6nlichkeitsst\u00f6rungen, \u2026 Angstst\u00f6rungen, \u2026 Trauma \/ Belastungsst\u00f6rungen, \u2026 Pubert\u00e4tsthemen, \u2026 St\u00f6rungen des Verhaltens und der Emotionen, &hellip; <a href=\"https:\/\/monaschnegg.at\/wordpress\/angebot\/\" class=\"more-link\"><span class=\"screen-reader-text\">Angebot<\/span> weiterlesen<\/a><\/p>\n","protected":false},"author":1,"featured_media":0,"parent":0,"menu_order":2,"comment_status":"closed","ping_status":"closed","template":"","meta":{"footnotes":""},"class_list":["post-354","page","type-page","status-publish","hentry"],"_links":{"self":[{"href":"https:\/\/monaschnegg.at\/wordpress\/wp-json\/wp\/v2\/pages\/354","targetHints":{"allow":["GET"]}}],"collection":[{"href":"https:\/\/monaschnegg.at\/wordpress\/wp-json\/wp\/v2\/pages"}],"about":[{"href":"https:\/\/monaschnegg.at\/wordpress\/wp-json\/wp\/v2\/types\/page"}],"author":[{"embeddable":true,"href":"https:\/\/monaschnegg.at\/wordpress\/wp-json\/wp\/v2\/users\/1"}],"replies":[{"embeddable":true,"href":"https:\/\/monaschnegg.at\/wordpress\/wp-json\/wp\/v2\/comments?post=354"}],"version-history":[{"count":45,"href":"https:\/\/monaschnegg.at\/wordpress\/wp-json\/wp\/v2\/pages\/354\/revisions"}],"predecessor-version":[{"id":842,"href":"https:\/\/monaschnegg.at\/wordpress\/wp-json\/wp\/v2\/pages\/354\/revisions\/842"}],"wp:attachment":[{"href":"https:\/\/monaschnegg.at\/wordpress\/wp-json\/wp\/v2\/media?parent=354"}],"curies":[{"name":"wp","href":"https:\/\/api.w.org\/{rel}","templated":true}]}}